0
Let v(r) = -r**2 + 4*r + 5. Let k(c) = -4*c + 3. Let u be k(-3). Suppose u = 5*j - 10. Calculate v(j).
0
Let h(f) be the third derivative of -f**6/24 - f**5/30 - f**4/24 - 2*f**2. Let m = -1 - 1. Let w = -3 - m. Determine h(w).
4
Let f = -2 + 4. Let m = f + -2. Let t(n) = 2 + n**3 - 6 + 2*n + m*n + 2*n**2 - 5*n. Determine t(-3).
-4
Let b = 13 - 1. Suppose 2*p - b = -2*p. Let h(d) = -d + 0*d - 1 + 3*d + 8*d**p. What is h(1)?
9
Let p(s) = 4*s + 20 - 19 + 4*s. Calculate p(1).
9
Let y(o) = -o - 1. Let l(k) = -7. Let b(n) = -l(n) + 2*y(n). Suppose p = 2*p + m + 1, 3*m = -2*p - 6. Suppose -p*s - s = -16. Calculate b(s).
-3
Let h(f) = -f - 2. Let n(d) = -d**3 + 5*d**2 + 2*d + 5. Let i be n(5). Suppose y - 4*y = -i. Let p be 1 - 2 - (-5)/y. Give h(p).
-2
Let q(a) = -10*a**2 - 2*a - 1. Let h be (3/9)/(1/(-3)). Give q(h).
-9
Let m(x) = -13*x**3 + 25*x**2 - x + 12. Let q(c) = 7*c**3 - 13*c**2 - 6. Let s(g) = 6*m(g) + 11*q(g). Give s(6).
6
Let k(g) = -4*g + 5*g - 6 - 2*g. Calculate k(-4).
-2
Let s(t) = -t**2 - 7*t - 5. Let f be s(-6). Let m = 6 - f. Let n(r) be the third derivative of -r**4/8 + 7*r**3/6 - r**2. Determine n(m).
-8
Let n(k) = k - 2 - 1 + 3 - 1. What is n(2)?
1
Let t(v) be the first derivative of -v**5/60 + v**4/6 + v**3/6 + 3*v**2/2 - 9. Let g(y) be the second derivative of t(y). Calculate g(5).
-4
Let t be (-2)/(-10) + ((-18)/(-10) - -4). Let g(c) = c**2 + c. Let x(m) = -m**3 + 2*m**2 - 10*m + 6. Let b(k) = 5*g(k) + x(k). What is b(t)?
12
Let y(b) = -12*b**3 - 2*b**2 + 1. Suppose -3*g + 16 = -5*g. Let v = g - -7. Determine y(v).
11
Let p(i) = i**3 + 12*i**2 + 12*i + 7. Let r be p(-11). Suppose 1 = m, -m + 3 = 2*n + 2*m. Let l = n + r. Let x(d) = -2*d - 5. What is x(l)?
3
Let v(d) be the first derivative of 1 + 1/6*d**3 + d**2 + 0*d + 1/24*d**4. Let f(l) be the second derivative of v(l). Calculate f(6).
7
Let v(l) = 2*l**2 + l + 4. Let p(o) = -5*o**2 - 2*o - 9. Let x(t) = 4*p(t) + 9*v(t). Calculate x(-2).
-10
Let t(p) = -p**2 + p - 2. Let g be (25/(-10))/(1/(-2)). Suppose -5*s = 15 - g. Calculate t(s).
-8
Let n(b) = -2*b + 4. Let a(t) = -t**3 + 13*t**2 - 20*t - 25. Let i be a(11). Calculate n(i).
10
Let m(j) = -3*j - 1. Let d be (-4)/(8/(-12) + 0). Let u be (d - 2)*1/(-4). Give m(u).
2
Let a(k) = 2*k - 27. Let m(t) = 4*t - 53. Let o(y) = 11*a(y) - 6*m(y). Let r(u) = 3*u - 31. Let i(n) = 7*o(n) + 5*r(n). Give i(6).
-2
Let h be (-5 - -2)*14/21. Let l(f) = 5*f**2 + 5*f + 2. Let g(b) = -3*b**2 - 3*b - 1. Let i(d) = -7*g(d) - 4*l(d). What is i(h)?
1
Let j(m) = 12*m - m**3 + 6*m**2 - 5 + 1 - 1 - 4*m. Determine j(7).
2
Let u(l) = -l**2 + 5*l + 11. Let w be u(6). Let c(p) = -p**3 + 4*p**2 + 6*p - 1. Give c(w).
4
Let x(i) = i. Let b = 0 - -1. Let y be b/3 + (-8)/(-3). Suppose -y*l - 3 = -2*l. Calculate x(l).
-3
Let v(w) = 14*w**3 - w**2 + 2*w - 1. Let q be (0 + (-3)/(-3))*1. What is v(q)?
14
Let y(h) = -h**2 - 1. Let b = -10 + 7. Calculate y(b).
-10
Suppose 0 = k + 2*k - 6. Let r be 2/1 + (k - 0). Let g(h) = h**2 - 3*h - 2. Determine g(r).
2
Let j = -2 + 4. Let p(b) = 2*b - j*b + b - b**3. Let i(s) = -s**3 - s**2 + s + 1. Let l be i(0). Calculate p(l).
0
Let g(b) = b - 1. Let f(j) = 3*j**2 + 1. Let s be f(-1). Suppose 0*t + 1 = t + s*r, 5*t + 4*r - 5 = 0. Let m = t + 1. What is g(m)?
1
Let w(j) = -j - 2. Suppose 2*s = 3*u + 27, 5*s - 25 - 14 = -2*u. Let i = 4 - s. What is w(i)?
3
Suppose 0 = -3*h - 5*y - 40, -1 = 3*h - 2*y + 4. Let c(f) be the third derivative of f**5/60 + f**4/8 - 5*f**3/6 - 2*f**2. Calculate c(h).
5
Let v(i) = i - 3. Suppose -5*y + 5*x + 2 + 8 = 0, 2*y + 2*x + 4 = 0. Suppose y*h = -2*h + 8. Suppose 0 = -2*g + h, 4*o - 4*g + 1 = -19. Determine v(o).
-6
Let x be -2 + (-2 + 2)/(-3). Let m(b) be the third derivative of b**4/12 + b**3/3 + b**2. Give m(x).
-2
Let c(u) = -u + 12. Suppose 0 = i + i - 22. Determine c(i).
1
Suppose -3*b - 3 = 2*y, 0 = 5*y - 2*b - 0 - 2. Let v(o) = o**3 - o. Calculate v(y).
0
Let q(t) = -2*t + 3*t - 1 + 0. Let w be (-4)/6 + 80/12. Suppose -y = 2*y - 6, 2*f - w = 3*y. What is q(f)?
5
Suppose -4*v + 3 = 5*m - 0, 4*v - m = -15. Let f(p) = 0 + 0 - 2*p**2 - 4 + 0*p**3 - p**3. Let a(j) = j + 1. Let g(z) = -2*a(z) - f(z). What is g(v)?
-1
Let t(u) = 6 + u**3 - 6*u**2 + 2*u**2 - 7. Let a(h) = -h**3 + 8*h**2 - 8*h + 10. Let i be a(7). What is t(i)?
-10
Let f(v) = -v**3 + 7*v**2 + 2*v + 2. Let u(o) = o**2 + o. Let j(i) = f(i) - 3*u(i). Determine j(3).
8
Let k(b) = -1 - 99*b + 102*b - 1. Determine k(4).
10
Let s(z) = 2*z - 5. Suppose 4*u - 10 - 6 = 0. What is s(u)?
3
Let r(i) = i. Let v(o) = -2*o + 8. Let a(k) = 3*r(k) + v(k). Calculate a(-7).
1
Let j(h) = h**2 + 3*h + 6. Let n(r) = -r**2 - 5*r - 5. Let l(g) = 2*j(g) + 3*n(g). Determine l(-9).
-3
Let c(s) = s**2 - 14*s + 11. Let b be c(13). Let l be -1*6/4*b. Let w(i) = -i**2 + 2*i + 4. Determine w(l).
1
Suppose 4*j + 7 = -5*x + j, 5*x + 4*j + 6 = 0. Let r(z) = -z - 1. Give r(x).
1
Suppose -2*m - 4*l = -2, -3*m - 2*l = -5*l - 3. Let t(q) = 16*q**2 + 1. Determine t(m).
17
Let o be (-6)/8 - 243/(-36). Suppose 5*w + 15 = -2*f - o, 3*w + 12 = -f. Let i(z) = z**3 + 4*z**2. Calculate i(f).
9
Let q(s) = 2*s**3 - 3*s**3 + s**2 - 5*s**2 - 4*s - s**2 + 3. What is q(-4)?
3
Let r(t) = 6*t - 19. Let o(y) = -4*y + 13. Let h(p) = -7*o(p) - 5*r(p). Determine h(6).
-8
Let r(p) = -12*p + 11. Let z be r(1). Let f(n) = -9*n + 6. Let y(v) = 9*v - 5. Let s(a) = 4*f(a) + 5*y(a). What is s(z)?
-10
Suppose -1 - 5 = -3*x. Let o(s) be the first derivative of -2*s - 2*s**2 + s**2 - x*s + 1. Give o(-3).
2
Let d(n) be the third derivative of -n**5/60 - n**4/24 - 5*n**3/6 + n**2. Let f = 24 + -44. Let p = f + 20. Determine d(p).
-5
Suppose 4 = -2*a, q - 22 = a - 3*a. Let x = -23 + q. Let m(i) = -2*i**2 + 2*i + 2. What is m(x)?
-10
Let m(c) be the third derivative of c**8/6720 - c**6/240 - c**5/40 + c**4/24 - 2*c**2. Let h(j) be the second derivative of m(j). Determine h(-2).
-5
Let u(z) be the first derivative of -z**5/20 - 5*z**4/12 + 4*z**3/3 + z**2 - 3*z + 5. Let h(d) be the first derivative of u(d). Determine h(-6).
-10
Let n(d) = -23*d + 1 + 52*d - 30*d. Let w = -11 - -15. Calculate n(w).
-3
Suppose 2*q - 3*q + 7 = 0. Let f(v) = 22*v - 43*v - v**2 + 2 + 27*v. What is f(q)?
-5
Let h be -2*2/(-4)*-1. Let k(f) = 8*f - 7. Let o(w) = w**2 + 7*w - 6. Let q(d) = -6*k(d) + 7*o(d). What is q(h)?
6
Let q(k) be the second derivative of -3*k**5/20 - k**4/4 - k**3/6 - k**2/2 + 46*k. Determine q(-2).
13
Let g(d) = 7*d**3 + 2*d + 3. Let i be 2/(-15) - 292/60. Let q(o) = 3*o**3 + o + 2. Let r(u) = i*q(u) + 3*g(u). Let n be (-1)/(2/4*-2). Determine r(n).
6
Let p = 17 + -23. Let k be (4/p)/(12/(-90)). Let b(u) = -u + u + 4 - u. Give b(k).
-1
Suppose -4*r - 2*i = 2, -4*r - 9 = 5*i + 8. Let y(x) = -5 + 0*x**2 - 3*x + r*x**2 - 2*x - 3*x**2. Suppose s + 25 = -4*s. Give y(s).
-5
Let n(v) = -v. Let q(w) = w. Let h(a) = -14*n(a) - 6*q(a). Let o = 62 - 60. What is h(o)?
16
Let p(d) be the third derivative of 1/6*d**3 + 0*d + 2*d**2 + 0 + 1/12*d**5 - 1/120*d**6 + 1/24*d**4. Suppose 4*o + 7 = 27. Give p(o).
6
Let z(r) = -4*r**2 - 6*r**2 + 8*r**2. Suppose 2*d = -2*d - 8. Determine z(d).
-8
Let z(l) be the second derivative of -5*l + 0 - 7/2*l**2 - 1/6*l**3. Calculate z(-5).
-2
Let s = -53/2 + 27. Let b(t) be the second derivative of 1/2*t**2 + s*t**3 + 0 - 1/12*t**4 - t. Determine b(2).
3
Let y(u) = 5*u**2 - 2*u - 1. Let m be y(-1). Let f(k) = -k**2 + 6*k - 5. Give f(m).
-5
Let x(w) = -w + 7. Suppose -4*d + 9 = -11. Calculate x(d).
2
Let u(n) be the third derivative of n**7/5040 - n**6/90 + n**5/20 - 3*n**2. Let q(o) be the third derivative of u(o). Suppose 0 = 5*r - 20. What is q(r)?
-4
Let z(v) be the second derivative of v**4/12 + v**3/6 + 3*v**2 + 8*v. Let d(j) = j**2 + 7. Let q = 7 - 4. Let y(k) = q*d(k) - 4*z(k). Determine y(-2).
1
Let d(r) = r**2 - 4*r - 1. Let q(v) = v**3 - 5*v**2 - 6*v - 8. Let u be q(6). Let b be 1/2 + 84/u. Let f be (12/b)/(8/(-20)). Determine d(f).
-4
Let o be 3/1 - 3 - -3. Suppose y + 0*y - 2 = 0. Let l(a) = -y*a**2 + 2*a - o*a - a. What is l(-2)?
-4
Let l(h) = -14*h**3 + h**2 - 5. Let w(j) = 13*j**3 - j**2 + 4. Let z(n) = 4*l(n) + 5*w(n). What is z(1)?
8
Let n(u) = u**2 + 5. Let o(y) = -1 + 0*y**2 - y**2 + 0. Let c(m) = n(m) + 6*o(m). Give c(-1).
-6
Let p(d) = -2*d**3 - d**2 + d + 2. S